{"id":7974,"date":"2018-07-13T04:28:31","date_gmt":"2018-07-13T04:28:31","guid":{"rendered":"https:\/\/themes.radiantthemes.com\/apex-clinic\/cosmetic-surgery\/?page_id=7974"},"modified":"2024-12-09T23:53:50","modified_gmt":"2024-12-10T05:53:50","slug":"cnpp","status":"publish","type":"page","link":"https:\/\/cnpp.org.mx\/index.php\/cnpp\/","title":{"rendered":"CNPP"},"content":{"rendered":"<p>[vc_section full_width=&#8221;stretch_row&#8221; css=&#8221;.vc_custom_1532150644338{margin-top: 0px !important;margin-bottom: 0px !important;padding-top: 63px !important;padding-bottom: 63px !important;background-position: center !important;background-repeat: no-repeat !important;background-size: cover !important;}&#8221;][vc_row full_width=&#8221;stretch_row&#8221; equal_height=&#8221;yes&#8221; content_placement=&#8221;middle&#8221; css=&#8221;.vc_custom_1530183490640{margin-top: 0px !important;margin-bottom: 0px !important;padding-top: 0px !important;padding-bottom: 0px !important;}&#8221;][vc_column width=&#8221;1\/2&#8243; css=&#8221;.vc_custom_1530182115348{margin-top: 0px !important;margin-bottom: 0px !important;padding-top: 0px !important;padding-bottom: 0px !important;}&#8221;][vc_empty_space][vc_empty_space][vc_empty_space height=&#8221;55px&#8221;][vc_single_image image=&#8221;8630&#8243; img_size=&#8221;full&#8221; css=&#8221;.vc_custom_1538418510697{margin-top: 0px !important;margin-bottom: 0px !important;padding-top: 0px !important;padding-bottom: 0px !important;}&#8221;][vc_column_text]<\/p>\n<p style=\"text-align: center;\"><em>Dr. Jaime Romano Micha.<\/em><\/p>\n<p>[\/vc_column_text][\/vc_column][vc_column width=&#8221;1\/2&#8243;][vc_empty_space height=&#8221;40px&#8221;][vc_custom_heading text=&#8221;Conoce de nosotros&#8221; font_container=&#8221;tag:h2|font_size:36px|text_align:left|color:%232d2d2d|line_height:45px&#8221; use_theme_fonts=&#8221;yes&#8221; css_animation=&#8221;none&#8221; css=&#8221;.vc_custom_1537285012289{margin-top: 0px !important;margin-bottom: 0px !important;padding-top: 0px !important;padding-bottom: 0px !important;}&#8221;][vc_custom_heading text=&#8221;El Centro Neuro-Psico-Pedag\u00f3gico S.C. (CNPP), surge en la d\u00e9cada de los ochentas fundado por el Dr. Jaime Romano Micha, como un proyecto innovador conjuntado en un solo lugar a especialistas que pudieran brindar una atenci\u00f3n integral a padecimientos relacionados con las \u00e1reas de la Neurolog\u00eda, la Psicolog\u00eda y la Educaci\u00f3n. Iniciando sus actividades en el Distrito Federal en la zona de San Miguel Chapultepec.<\/p>\n<p>La filosof\u00eda detr\u00e1s de la creaci\u00f3n del Centro fue la de formar un sistema de trabajo interdisciplinario con un enfoque integral que contara con las herramientas tanto humanas, materiales y administrativas que permitieran atender problemas relacionados con la salud mental, desde su diagn\u00f3stico hasta su tratamiento.&#8221; font_container=&#8221;tag:p|text_align:left|color:%23434343&#8243; use_theme_fonts=&#8221;yes&#8221; css_animation=&#8221;none&#8221; css=&#8221;.vc_custom_1538528472434{margin-top: 15px !important;margin-bottom: 0px !important;padding-top: 0px !important;padding-bottom: 0px !important;}&#8221;][\/vc_column][\/vc_row][vc_row][vc_column][vc_custom_heading text=&#8221;Esta Sociedad Civil fue creada con fines cient\u00edficos y de servicios orientada a buscar el bienestar y una mejor calidad de vida de sus pacientes, consultantes y familiares en un ambiente de confidencialidad y privacidad absoluta.&#8221; font_container=&#8221;tag:h3|font_size:17px|text_align:left|color:%2302466f|line_height:26px&#8221; use_theme_fonts=&#8221;yes&#8221; css_animation=&#8221;none&#8221; el_class=&#8221;font-weight-semibold&#8221; css=&#8221;.vc_custom_1537274250561{margin-top: 0px !important;margin-bottom: 0px !important;padding-top: 10px !important;padding-bottom: 0px !important;}&#8221;][vc_custom_heading text=&#8221;En el CNPP se atienden desde pacientes reci\u00e9n nacidos hasta de edad madura con padecimientos tales como: problemas de aprendizaje, lenguaje y desarrollo psicomotor, d\u00e9ficit en la atenci\u00f3n, trastornos conductuales, autismo, s\u00edndrome de Tourette, s\u00edndrome hiperquin\u00e9tico, cefaleas (dolores de cabeza), ansiedad, depresi\u00f3n, transtorno obsesivo compulsivo, tics, problemas de memoria, entre otros. Cuenta adem\u00e1s con una Cl\u00ednica de atenci\u00f3n especial a pacientes con epilepsia, as\u00ed como una Cl\u00ednica especializada en trastornos del dormir.&#8221; font_container=&#8221;tag:p|text_align:left|color:%23434343&#8243; use_theme_fonts=&#8221;yes&#8221; css_animation=&#8221;none&#8221; css=&#8221;.vc_custom_1537273394564{margin-top: 15px !important;margin-bottom: 0px !important;padding-top: 0px !important;padding-bottom: 0px !important;}&#8221;][\/vc_column][\/vc_row][\/vc_section][vc_section full_width=&#8221;stretch_row&#8221; css=&#8221;.vc_custom_1530186140594{margin-top: 0px !important;margin-bottom: 0px !important;padding-top: 1px !important;padding-bottom: 84px !important;background-image: url(https:\/\/themes.radiantthemes.com\/apex-clinic\/cosmetic-surgery\/wp-content\/uploads\/2018\/06\/background-image5.jpg?id=7844) !important;background-position: 0 0 !important;background-repeat: no-repeat !important;}&#8221;][vc_row full_width=&#8221;stretch_row&#8221; gap=&#8221;30&#8243; css=&#8221;.vc_custom_1530186861562{margin-top: 0px !important;margin-bottom: 0px !important;padding-top: 16px !important;padding-bottom: 0px !important;}&#8221;][vc_column width=&#8221;7\/12&#8243; css=&#8221;.vc_custom_1532152257297{margin-top: 17px !important;margin-bottom: 0px !important;padding-top: 0px !important;padding-right: 0px !important;padding-bottom: 0px !important;padding-left: 0px !important;}&#8221; el_class=&#8221;icon-hover&#8221;][vc_custom_heading text=&#8221;Algunas de nuestras aportaciones&#8221; font_container=&#8221;tag:h2|font_size:36px|text_align:left|color:%232d2d2d|line_height:45px&#8221; use_theme_fonts=&#8221;yes&#8221; css_animation=&#8221;fadeInUp&#8221; css=&#8221;.vc_custom_1537273455307{margin-top: 0px !important;margin-bottom: 0px !important;padding-top: 0px !important;padding-bottom: 0px !important;}&#8221;][vc_custom_heading text=&#8221;Desde Nuestros inicios nuestros avances en las areas de Salud mental y la Educacion han sido de gran importancia teniendo diversas aplicaciones y hemos sido participes de diversos proyectos tales como:&#8221; font_container=&#8221;tag:p|text_align:left|color:%23434343&#8243; use_theme_fonts=&#8221;yes&#8221; css_animation=&#8221;fadeInUp&#8221; css=&#8221;.vc_custom_1537273491113{margin-top: 20px !important;margin-bottom: 0px !important;padding-top: 0px !important;padding-bottom: 0px !important;}&#8221;][vc_row_inner css=&#8221;.vc_custom_1532152073061{margin-top: 0px !important;margin-bottom: 0px !important;padding-top: 35px !important;padding-bottom: 0px !important;}&#8221;][vc_column_inner css=&#8221;.vc_custom_1537274136586{margin-top: 0px !important;margin-bottom: 0px !important;padding-top: 0px !important;padding-right: 0px !important;padding-bottom: 0px !important;padding-left: 110px !important;background-image: url(https:\/\/cnpp.org.mx\/wp-content\/uploads\/2018\/09\/icon311.png?id=8357) !important;background-position: 0 0 !important;background-repeat: no-repeat !important;}&#8221; offset=&#8221;vc_col-lg-6 vc_col-md-6 vc_col-xs-12&#8243;][vc_custom_heading text=&#8221;CNPP fue promotor y creador del Instituto Antares A.C.&#8221; font_container=&#8221;tag:h4|font_size:18px|text_align:left|color:%23383838|line_height:26px&#8221; use_theme_fonts=&#8221;yes&#8221; css=&#8221;.vc_custom_1537274692083{margin-top: 0px !important;margin-bottom: 0px !important;padding-top: 0px !important;padding-bottom: 16px !important;}&#8221;][vc_custom_heading text=&#8221;Que vino a constituir el primer m\u00e9todo de Educaci\u00f3n Especial en el pa\u00eds dirigido a adolescentes con problemas de aprendizaje, as\u00ed como de un programa de rehabilitaci\u00f3n para adolescentes con inteligencia lim\u00edtrofe, logrando establecer convenios de reconocimiento oficial con instituciones gubernamentales como el INEA y CONALEP.&#8221; font_container=&#8221;tag:p|font_size:15px|text_align:left|line_height:26px&#8221; use_theme_fonts=&#8221;yes&#8221; css=&#8221;.vc_custom_1537274683600{margin-top: 0px !important;margin-bottom: 0px !important;padding-top: 0px !important;padding-bottom: 27px !important;}&#8221;][\/vc_column_inner][vc_column_inner css=&#8221;.vc_custom_1537274279554{margin-top: 0px !important;margin-bottom: 0px !important;padding-top: 0px !important;padding-right: 0px !important;padding-bottom: 0px !important;padding-left: 110px !important;background-image: url(https:\/\/cnpp.org.mx\/wp-content\/uploads\/2018\/09\/icon311.png?id=8357) !important;background-position: 0 0 !important;background-repeat: no-repeat !important;}&#8221; offset=&#8221;vc_col-lg-6 vc_col-md-6 vc_col-xs-12&#8243;][vc_custom_heading text=&#8221;Se han organizado eventos cient\u00edficos y se mantiene una colaboraci\u00f3n constante con diversas sociedades como son:&#8221; font_container=&#8221;tag:h4|font_size:18px|text_align:left|color:%23383838|line_height:26px&#8221; use_theme_fonts=&#8221;yes&#8221; css=&#8221;.vc_custom_1537274451551{margin-top: 0px !important;margin-bottom: 0px !important;padding-top: 0px !important;padding-bottom: 16px !important;}&#8221;][vc_custom_heading text=&#8221;La Sociedad Mexicana de Psiquiatr\u00eda Biol\u00f3gica, la Sociedad Mexicana de Neurofisiolog\u00eda Cl\u00ednica, la Academia Mexicana de Neurolog\u00eda, la Sociedad Mexicana de Neurolog\u00eda Pedi\u00e1trica, la Sociedad Mexicana de Psicolog\u00eda Cl\u00ednica, la Sociedad Mexicana de Neurolog\u00eda y Psiquiatr\u00eda, entre otras.&#8221; font_container=&#8221;tag:p|font_size:15px|text_align:left|line_height:26px&#8221; use_theme_fonts=&#8221;yes&#8221; css=&#8221;.vc_custom_1537274483157{margin-top: 0px !important;margin-bottom: 0px !important;padding-top: 0px !important;padding-bottom: 27px !important;}&#8221;][\/vc_column_inner][\/vc_row_inner][vc_row_inner css=&#8221;.vc_custom_1532152073061{margin-top: 0px !important;margin-bottom: 0px !important;padding-top: 35px !important;padding-bottom: 0px !important;}&#8221;][vc_column_inner css=&#8221;.vc_custom_1537274136586{margin-top: 0px !important;margin-bottom: 0px !important;padding-top: 0px !important;padding-right: 0px !important;padding-bottom: 0px !important;padding-left: 110px !important;background-image: url(https:\/\/cnpp.org.mx\/wp-content\/uploads\/2018\/09\/icon311.png?id=8357) !important;background-position: 0 0 !important;background-repeat: no-repeat !important;}&#8221; offset=&#8221;vc_col-lg-6 vc_col-md-6 vc_col-xs-12&#8243;][vc_custom_heading text=&#8221;En M\u00e9xico, el CNPP es pionero en la t\u00e9cnica de Neurofeedback&#8221; font_container=&#8221;tag:h4|font_size:18px|text_align:left|color:%23383838|line_height:26px&#8221; use_theme_fonts=&#8221;yes&#8221; css=&#8221;.vc_custom_1537274623301{margin-top: 0px !important;margin-bottom: 0px !important;padding-top: 0px !important;padding-bottom: 16px !important;}&#8221;][vc_custom_heading text=&#8221;Lo que inici\u00f3 en 1993 como un peque\u00f1o proyecto exploratorio ante una t\u00e9cnica que empezaba a ser utilizada en el tratamiento del D\u00e9ficit de Atenci\u00f3n (TDA); se ha convertido dentro del Centro no s\u00f3lo en una importante herramienta terap\u00e9utica para el tratamiento integral de diversos padecimientos, si no que ha conjugando las bases neurofisiol\u00f3gicas y psicol\u00f3gicas tanto en el diagn\u00f3stico como en el dise\u00f1o del tratamiento, transform\u00e1ndose en toda una organizaci\u00f3n que incluye investigaci\u00f3n, formaci\u00f3n de recursos humanos (cursos), formaci\u00f3n acad\u00e9mica (conferencias) y la distribuci\u00f3n exclusiva de equipo.&#8221; font_container=&#8221;tag:p|font_size:15px|text_align:left|line_height:26px&#8221; use_theme_fonts=&#8221;yes&#8221; css=&#8221;.vc_custom_1537274652069{margin-top: 0px !important;margin-bottom: 0px !important;padding-top: 0px !important;padding-bottom: 27px !important;}&#8221;][\/vc_column_inner][vc_column_inner css=&#8221;.vc_custom_1537274279554{margin-top: 0px !important;margin-bottom: 0px !important;padding-top: 0px !important;padding-right: 0px !important;padding-bottom: 0px !important;padding-left: 110px !important;background-image: url(https:\/\/cnpp.org.mx\/wp-content\/uploads\/2018\/09\/icon311.png?id=8357) !important;background-position: 0 0 !important;background-repeat: no-repeat !important;}&#8221; offset=&#8221;vc_col-lg-6 vc_col-md-6 vc_col-xs-12&#8243;][vc_custom_heading text=&#8221;Su laboratorio de Neurofisiolog\u00eda es uno de los m\u00e1s avanzados y prestigiados del pa\u00eds&#8221; font_container=&#8221;tag:h4|font_size:18px|text_align:left|color:%23383838|line_height:26px&#8221; use_theme_fonts=&#8221;yes&#8221; css=&#8221;.vc_custom_1537274302324{margin-top: 0px !important;margin-bottom: 0px !important;padding-top: 0px !important;padding-bottom: 16px !important;}&#8221;][vc_custom_heading text=&#8221;Contando con tecnolog\u00eda de punta desarrollada dentro del propio Centro a cargo del Dr. Jaime Romano Micha. Se ha desarrollado software para Mapeo Cerebral, Potenciales Evocados y de Estudios Poligr\u00e1ficos del Sue\u00f1o, los cuales han sido instalados en diversos estados de la Rep\u00fablica tanto en consultorios y gabinetes privados, como en prestigiadas Instituciones entre las que se encuentran: el Instituto Nacional de Psiquiatr\u00eda, el Instituto Mexicano del Seguro Social, la Secretaria de la Defensa Nacional y la Universidad Aut\u00f3noma de M\u00e9xico. Estos sistemas han sido exportados ya a otros pa\u00edses como los Estados Unidos de Am\u00e9rica, Chile, Espa\u00f1a y Taiw\u00e1n.&#8221; font_container=&#8221;tag:p|font_size:15px|text_align:left|line_height:26px&#8221; use_theme_fonts=&#8221;yes&#8221; css=&#8221;.vc_custom_1537274329535{margin-top: 0px !important;margin-bottom: 0px !important;padding-top: 0px !important;padding-bottom: 27px !important;}&#8221;][\/vc_column_inner][\/vc_row_inner][vc_row_inner css=&#8221;.vc_custom_1532152073061{margin-top: 0px !important;margin-bottom: 0px !important;padding-top: 35px !important;padding-bottom: 0px !important;}&#8221;][vc_column_inner css=&#8221;.vc_custom_1537274136586{margin-top: 0px !important;margin-bottom: 0px !important;padding-top: 0px !important;padding-right: 0px !important;padding-bottom: 0px !important;padding-left: 110px !important;background-image: url(https:\/\/cnpp.org.mx\/wp-content\/uploads\/2018\/09\/icon311.png?id=8357) !important;background-position: 0 0 !important;background-repeat: no-repeat !important;}&#8221; offset=&#8221;vc_col-lg-6 vc_col-md-6 vc_col-xs-12&#8243;][vc_custom_heading text=&#8221;Contribuciones al avance de la ciencia&#8221; font_container=&#8221;tag:h4|font_size:18px|text_align:left|color:%23383838|line_height:26px&#8221; use_theme_fonts=&#8221;yes&#8221; css=&#8221;.vc_custom_1537274882153{margin-top: 0px !important;margin-bottom: 0px !important;padding-top: 0px !important;padding-bottom: 16px !important;}&#8221;][vc_custom_heading text=&#8221;Los especialistas del Centro han contribuido al avance de la ciencia mediante diversas publicaciones y proyectos de investigaci\u00f3n.<br \/>\nComo lo es el Desarrollo de Softwares y el Neurofeedback.&#8221; font_container=&#8221;tag:p|font_size:15px|text_align:left|line_height:26px&#8221; use_theme_fonts=&#8221;yes&#8221; css=&#8221;.vc_custom_1537274912352{margin-top: 0px !important;margin-bottom: 0px !important;padding-top: 0px !important;padding-bottom: 27px !important;}&#8221;][\/vc_column_inner][vc_column_inner css=&#8221;.vc_custom_1537274279554{margin-top: 0px !important;margin-bottom: 0px !important;padding-top: 0px !important;padding-right: 0px !important;padding-bottom: 0px !important;padding-left: 110px !important;background-image: url(https:\/\/cnpp.org.mx\/wp-content\/uploads\/2018\/09\/icon311.png?id=8357) !important;background-position: 0 0 !important;background-repeat: no-repeat !important;}&#8221; offset=&#8221;vc_col-lg-6 vc_col-md-6 vc_col-xs-12&#8243;][vc_custom_heading text=&#8221;Especialistas han contribuido con el CNPP&#8221; font_container=&#8221;tag:h4|font_size:18px|text_align:left|color:%23383838|line_height:26px&#8221; use_theme_fonts=&#8221;yes&#8221; css=&#8221;.vc_custom_1537275035470{margin-top: 0px !important;margin-bottom: 0px !important;padding-top: 0px !important;padding-bottom: 16px !important;}&#8221;][vc_custom_heading text=&#8221;Diversos especialistas de primer orden y renombrados cient\u00edficos han colaborado con el CNPP, entre los cuales destacan el Dr. Victor Uriarte Bonilla, Dr. Rene Drucker Colin, Dr. Juan Carlos Res\u00e9ndiz Aparicio, Dr. Reyes Haro y el Dr. Sim\u00f3n Brailowsky, por mencionar algunos.&#8221; font_container=&#8221;tag:p|font_size:15px|text_align:left|line_height:26px&#8221; use_theme_fonts=&#8221;yes&#8221; css=&#8221;.vc_custom_1537274993276{margin-top: 0px !important;margin-bottom: 0px !important;padding-top: 0px !important;padding-bottom: 27px !important;}&#8221;][\/vc_column_inner][\/vc_row_inner][\/vc_column][vc_column width=&#8221;5\/12&#8243; css=&#8221;.vc_custom_1537277531432{margin-top: 0px !important;margin-bottom: 0px !important;padding-top: 0px !important;padding-right: 0px !important;padding-bottom: 0px !important;padding-left: 0px !important;background-color: #f2f2f2 !important;}&#8221;][vc_single_image image=&#8221;8362&#8243; img_size=&#8221;full&#8221; alignment=&#8221;center&#8221;][vc_custom_heading text=&#8221;Servicios&#8221; font_container=&#8221;tag:h4|text_align:center&#8221; use_theme_fonts=&#8221;yes&#8221;][vc_row_inner][vc_column_inner width=&#8221;1\/2&#8243;][vc_custom_heading text=&#8221;Neurolog\u00eda&#8221; font_container=&#8221;tag:h5|text_align:center&#8221; use_theme_fonts=&#8221;yes&#8221; link=&#8221;url:https%3A%2F%2Fcnpp.org.mx%2Findex.php%2Fneurologia-3%2F|||&#8221;][vc_single_image image=&#8221;8303&#8243; alignment=&#8221;center&#8221; onclick=&#8221;custom_link&#8221; link=&#8221;https:\/\/cnpp.org.mx\/index.php\/neurologia-3&#8243;][\/vc_column_inner][vc_column_inner width=&#8221;1\/2&#8243;][vc_custom_heading text=&#8221;Neurofisiolog\u00eda&#8221; font_container=&#8221;tag:h5|text_align:center&#8221; use_theme_fonts=&#8221;yes&#8221;][vc_single_image image=&#8221;8305&#8243; alignment=&#8221;center&#8221; onclick=&#8221;custom_link&#8221; link=&#8221;https:\/\/cnpp.org.mx\/index.php\/neurofisiologia\/&#8221;][\/vc_column_inner][\/vc_row_inner][vc_row_inner][vc_column_inner width=&#8221;1\/2&#8243;][vc_custom_heading text=&#8221;Psiquiatr\u00eda&#8221; font_container=&#8221;tag:h5|text_align:center&#8221; use_theme_fonts=&#8221;yes&#8221;][vc_single_image image=&#8221;8307&#8243; alignment=&#8221;center&#8221; onclick=&#8221;custom_link&#8221; link=&#8221;https:\/\/cnpp.org.mx\/index.php\/psiquiatria\/&#8221;][\/vc_column_inner][vc_column_inner width=&#8221;1\/2&#8243;][vc_custom_heading text=&#8221;Psicolog\u00eda&#8221; font_container=&#8221;tag:h5|text_align:center&#8221; use_theme_fonts=&#8221;yes&#8221;][vc_single_image image=&#8221;8308&#8243; alignment=&#8221;center&#8221; onclick=&#8221;custom_link&#8221; link=&#8221;https:\/\/cnpp.org.mx\/index.php\/psicologia\/&#8221;][\/vc_column_inner][\/vc_row_inner][vc_row_inner][vc_column_inner width=&#8221;1\/2&#8243;][vc_custom_heading text=&#8221;Psicopedagog\u00eda&#8221; font_container=&#8221;tag:h5|text_align:center&#8221; use_theme_fonts=&#8221;yes&#8221;][vc_single_image image=&#8221;8312&#8243; alignment=&#8221;center&#8221; onclick=&#8221;custom_link&#8221; link=&#8221;https:\/\/cnpp.org.mx\/index.php\/psicopedagogia\/&#8221;][\/vc_column_inner][vc_column_inner width=&#8221;1\/2&#8243;][vc_custom_heading text=&#8221;Neurofeedback&#8221; font_container=&#8221;tag:h5|text_align:center&#8221; use_theme_fonts=&#8221;yes&#8221;][vc_single_image image=&#8221;8313&#8243; alignment=&#8221;center&#8221; onclick=&#8221;custom_link&#8221; link=&#8221;https:\/\/cnpp.org.mx\/index.php\/neurofeedback\/&#8221;][\/vc_column_inner][\/vc_row_inner][vc_row_inner][vc_column_inner][vc_custom_heading text=&#8221;Trastornos del dormir&#8221; font_container=&#8221;tag:h5|text_align:center&#8221; use_theme_fonts=&#8221;yes&#8221;][vc_single_image image=&#8221;8314&#8243; alignment=&#8221;center&#8221; onclick=&#8221;custom_link&#8221; link=&#8221;https:\/\/cnpp.org.mx\/index.php\/trastornos-del-dormir\/&#8221;][vc_custom_heading text=&#8221;Nuestras cl\u00ednicas&#8221; font_container=&#8221;tag:h4|text_align:center&#8221; use_theme_fonts=&#8221;yes&#8221;][\/vc_column_inner][\/vc_row_inner][vc_empty_space]\r<!-- team -->\r<div class=\"team element-two owl-carousel owl-nav-style-one owl-dot-style-two \"   data-owl-nav=\"false\" data-owl-dots=\"true\" data-owl-loop=\"true\" data-owl-autoplay=\"true\" data-owl-autoplay-timeout=\"6000\" data-owl-mobile-items=\"1\" data-owl-tab-items=\"1\" data-owl-desktop-items=\"1\"><p>No items found<\/p><\/div>\r<!-- team -->\r[vc_custom_heading text=&#8221;Solicitar Informaci\u00f3n&#8221; font_container=&#8221;tag:h2|font_size:20px|text_align:center|color:%23ffffff&#8221; use_theme_fonts=&#8221;yes&#8221; css=&#8221;.vc_custom_1537482611959{background-color: #f2b91d !important;}&#8221; link=&#8221;url:https%3A%2F%2Fcnpp.org.mx%2Findex.php%2Fcontacto%2F|||&#8221;][\/vc_column][\/vc_row][\/vc_section]<\/p>\n","protected":false},"excerpt":{"rendered":"<p>[vc_section full_width=&#8221;stretch_row&#8221; css=&#8221;.vc_custom_1532150644338{margin-top: 0px !important;margin-bottom: 0px !important;padding-top: 63px !important;padding-bottom: 63px !important;background-position: center !important;background-repeat: no-repeat !important;background-size: cover !important;}&#8221;][vc_row full_width=&#8221;stretch_row&#8221; equal_height=&#8221;yes&#8221; content_placement=&#8221;middle&#8221; css=&#8221;.vc_custom_1530183490640{margin-top: 0px !important;margin-bottom: 0px !important;padding-top: 0px !important;padding-bottom: 0px !important;}&#8221;][vc_column width=&#8221;1\/2&#8243; css=&#8221;.vc_custom_1530182115348{margin-top: 0px !important;margin-bottom: 0px !important;padding-top: 0px !important;padding-bottom: 0px !important;}&#8221;][vc_empty_space][vc_empty_space][vc_empty_space height=&#8221;55px&#8221;][vc_single_image image=&#8221;8630&#8243; img_size=&#8221;full&#8221; css=&#8221;.vc_custom_1538418510697{margin-top: 0px !important;margin-bottom: 0px !important;padding-top: 0px !important;padding-bottom: 0px !important;}&#8221;][vc_column_text] Dr. Jaime Romano Micha. [&hellip;]<\/p>\n","protected":false},"author":1,"featured_media":0,"parent":0,"menu_order":0,"comment_status":"closed","ping_status":"closed","template":"","meta":{"footnotes":""},"class_list":["post-7974","page","type-page","status-publish","hentry"],"_links":{"self":[{"href":"https:\/\/cnpp.org.mx\/index.php\/wp-json\/wp\/v2\/pages\/7974","targetHints":{"allow":["GET"]}}],"collection":[{"href":"https:\/\/cnpp.org.mx\/index.php\/wp-json\/wp\/v2\/pages"}],"about":[{"href":"https:\/\/cnpp.org.mx\/index.php\/wp-json\/wp\/v2\/types\/page"}],"author":[{"embeddable":true,"href":"https:\/\/cnpp.org.mx\/index.php\/wp-json\/wp\/v2\/users\/1"}],"replies":[{"embeddable":true,"href":"https:\/\/cnpp.org.mx\/index.php\/wp-json\/wp\/v2\/comments?post=7974"}],"version-history":[{"count":36,"href":"https:\/\/cnpp.org.mx\/index.php\/wp-json\/wp\/v2\/pages\/7974\/revisions"}],"predecessor-version":[{"id":8906,"href":"https:\/\/cnpp.org.mx\/index.php\/wp-json\/wp\/v2\/pages\/7974\/revisions\/8906"}],"wp:attachment":[{"href":"https:\/\/cnpp.org.mx\/index.php\/wp-json\/wp\/v2\/media?parent=7974"}],"curies":[{"name":"wp","href":"https:\/\/api.w.org\/{rel}","templated":true}]}}